9
List the prime factors of 14576517.
3, 179957
List the prime factors of 55194419.
7, 83, 94999
List the prime factors of 32956657.
467, 70571
What are the prime factors of 65201429?
65201429
What are the prime factors of 1275311948?
2, 743, 429109
What are the prime factors of 46003549?
773, 59513
What are the prime factors of 3035927433?
3, 7, 11, 31, 353, 1201
What are the prime factors of 38955646?
2, 739, 26357
List the prime factors of 2669956882.
2, 1334978441
What are the prime factors of 45752908?
2, 11438227
What are the prime factors of 4972324349?
4972324349
What are the prime factors of 229542819?
3, 11, 19, 366097
List the prime factors of 4542597269.
7, 648942467
List the prime factors of 752957116.
2, 1583, 118913
What are the prime factors of 1398763082?
2, 43, 16264687
List the prime factors of 793799766.
2, 3, 1669, 26423
What are the prime factors of 1243340893?
1693, 734401
List the prime factors of 3464732.
2, 866183
What are the prime factors of 63499528?
2, 7937441
List the prime factors of 758861669.
758861669
List the prime factors of 2205166674.
2, 3, 367527779
List the prime factors of 3271556490.
2, 3, 5, 59, 1848337
List the prime factors of 1681811786.
2, 43, 19555951
List the prime factors of 79697560.
2, 5, 1992439
List the prime factors of 587208546.
2, 3, 101, 322997
List the prime factors of 817574290.
2, 5, 13, 53, 118661
List the prime factors of 2703482175.
3, 5, 1259, 28631
What are the prime factors of 1614172568?
2, 23, 131, 167, 401
List the prime factors of 769346148.
2, 3, 641, 100019
List the prime factors of 876396226.
2, 31, 1543, 9161
What are the prime factors of 258333082?
2, 7, 19, 971177
List the prime factors of 183462644.
2, 45865661
List the prime factors of 99687504.
2, 3, 7, 227, 1307
List the prime factors of 141259547.
11, 13, 19, 51991
What are the prime factors of 7599890937?
3, 89, 28464011
List the prime factors of 87888969.
3, 7, 5741
What are the prime factors of 12821954?
2, 6410977
List the prime factors of 1078189082.
2, 539094541
What are the prime factors of 75984666?
2, 3, 167, 75833
List the prime factors of 187299883.
37, 1087, 4657
List the prime factors of 1111545279.
3, 13, 730799
What are the prime factors of 2270615762?
2, 4679, 242639
What are the prime factors of 15835515?
3, 5, 709, 1489
List the prime factors of 745508221.
797, 935393
List the prime factors of 76725691.
7, 10960813
List the prime factors of 31938368.
2, 7, 11, 6481
What are the prime factors of 16430357?
16430357
What are the prime factors of 81834992?
2, 5114687
What are the prime factors of 197958207?
3, 19, 3472951
What are the prime factors of 22525125?
3, 5, 7, 8581
What are the prime factors of 277375111?
13, 17, 29, 113, 383
List the prime factors of 22703990.
2, 5, 23, 98713
List the prime factors of 881464953.
3, 293821651
What are the prime factors of 5373067587?
3, 719, 839, 2969
What are the prime factors of 476782013?
476782013
What are the prime factors of 182154957?
3, 19, 127, 25163
List the prime factors of 144491510.
2, 5, 277, 52163
What are the prime factors of 115346558?
2, 113, 510383
What are the prime factors of 135518642?
2, 7, 37, 261619
What are the prime factors of 19368549?
3, 29, 74209
List the prime factors of 493737955.
5, 98747591
What are the prime factors of 1767315133?
1733, 1019801
List the prime factors of 54667194.
2, 3, 9111199
What are the prime factors of 85298708?
2, 11, 176237
What are the prime factors of 17623367?
113, 263, 593
List the prime factors of 315057110.
2, 5, 1553, 20287
What are the prime factors of 2312795?
5, 83, 5573
List the prime factors of 74477032.
2, 7, 43, 157, 197
List the prime factors of 260810503.
59, 4420517
List the prime factors of 506718427.
1321, 383587
List the prime factors of 751677137.
149, 1259, 4007
What are the prime factors of 262368161?
11, 211, 113041
List the prime factors of 5913932623.
5913932623
What are the prime factors of 77228740?
2, 5, 29, 133153
What are the prime factors of 32457588?
2, 3, 89, 30391
List the prime factors of 1198805138.
2, 67, 1193, 7499
List the prime factors of 463489133.
41, 11304613
What are the prime factors of 137719249?
137719249
List the prime factors of 61765664.
2, 1930177
What are the prime factors of 11417290?
2, 5, 19, 60091
What are the prime factors of 14524309?
14524309
What are the prime factors of 204901365?
3, 5, 23, 233, 2549
List the prime factors of 23048966.
2, 449, 25667
What are the prime factors of 692623086?
2, 3, 41, 67, 42023
What are the prime factors of 134921767?
10831, 12457
What are the prime factors of 926106339?
3, 23, 947, 14173
List the prime factors of 451555739.
127, 3555557
What are the prime factors of 1288101674?
2, 41, 137, 114661
What are the prime factors of 74130791?
7, 109, 97157
What are the prime factors of 1860400755?
3, 5, 41342239
What are the prime factors of 286755381?
3, 11, 2896519
What are the prime factors of 1631346189?
3, 11, 49434733
What are the prime factors of 49774324?
2, 29, 37, 11597
What are the prime factors of 4123152?
2, 3, 11, 19, 137
List the prime factors of 52742817.
3, 5860313
What are the prime factors of 28376301?
3, 9458767
What are the prime factors of 34151562?
2, 3, 251, 7559
List the prime factors of 106089107.
1901, 55807
List the prime factors of 1263206131.
11, 17, 6755113
What are the prime factors of 572889638?
2, 41, 911, 7669
What are the prime factors of 71697092?
2, 17, 1054369
What are the prime factors of 77198734?
2, 17, 2270551
List the prime factors of 367302777.
3, 29, 61, 67, 1033
What are the prime factors of 47659768?
2, 13, 487, 941
What are the prime factors of 185680648?
2, 139, 166979
What are the prime factors of 1059839336?
2, 29, 4568273
What are the prime factors of 598391547?
3, 13, 15343373
What are the prime factors of 42660024?
2, 3, 11, 161591
List the prime factors of 224651941.
1093, 205537
List the prime factors of 629362602.
2, 3, 11, 71, 14923
What are the prime factors of 2399075881?
23, 104307647
List the prime factors of 66074828.
2, 131, 126097
List the prime factors of 252674000.
2, 5, 126337
What are the prime factors of 6368673310?
2, 5, 257, 2478083
What are the prime factors of 154033869?
3, 11, 43, 73, 1487
What are the prime factors of 1395517309?
1395517309
What are the prime factors of 142995538?
2, 7, 10213967
List the prime factors of 2223051873.
3, 7, 105859613
List the prime factors of 262508031.
3, 31, 940889
List the prime factors of 1432229811.
3, 477409937
List the prime factors of 553240552.
2, 41, 463, 3643
What are the prime factors of 456879172?
2, 114219793
What are the prime factors of 38375167?
38375167
List the prime factors of 143661400.
2, 5, 67, 71, 151
List the prime factors of 128049819.
3, 29, 50753
List the prime factors of 573011012.
2, 7, 211, 96989
List the prime factors of 470657064.
2, 3, 19610711
What are the prime factors of 172148669?
7, 11, 29, 77093
List the prime factors of 2152106335.
5, 31, 2801, 4957
What are the prime factors of 3873135081?
3, 1291045027
What are the prime factors of 8058764612?
2, 18181, 110813
What are the prime factors of 362122061?
7, 587, 88129
What are the prime factors of 222311424?
2, 3, 72367
What are the prime factors of 2028702858?
2, 3, 7, 13, 433, 8581
List the prime factors of 242454736.
2, 15153421
What are the prime factors of 530345643?
3, 8293, 21317
What are the prime factors of 30792018?
2, 3, 1153, 4451
What are the prime factors of 2128845640?
2, 5, 31, 55381
What are the prime factors of 416754049?
31, 1213, 11083
List the prime factors of 901707799.
3851, 234149
What are the prime factors of 6196634606?
2, 17, 197, 925147
List the prime factors of 2576500632.
2, 3, 35784731
What are the prime factors of 67290478?
2, 33645239
List the prime factors of 1364865185.
5, 272973037
What are the prime factors of 13795663?
7, 1970809
List the prime factors of 2109358041.
3, 7, 4787, 20983
List the prime factors of 28056298.
2, 2053, 6833
List the prime factors of 3049129648.
2, 71, 2684093
List the prime factors of 181466985.
3, 5, 7, 1728257
List the prime factors of 430990018.
2, 17, 2549, 4973
List the prime factors of 885808811.
6781, 130631
What are the prime factors of 586